**3 - 4*o**2 - o + 2. Suppose 0 = b + b - 16. Suppose 0 = -4*u - 3*v + 5, b = -u - 3*v - 2. What is the tens digit of r(u)?
2
Let t be (-230)/(-18) - 2/(-9). Suppose -3 - t = 4*u. What is the tens digit of ((-71)/4)/(u/16)?
7
Suppose -h - 14 = i - 5, i + 4*h + 6 = 0. What is the hundreds digit of (-1358)/i + (1 - (-8)/(-10))?
1
Let l(f) = f**2 - 8*f + 10. Let g(t) = 4*t**2 - 32*t + 40. Let z(x) = -2*g(x) + 9*l(x). Let r be ((-440)/154)/(2/(-7)) + 2. What is the units digit of z(r)?
8
Let l(j) = -2*j - 1. Suppose 4*x = 2*c, 3*c + 3*x + 6 = -3. Let d be 45/(-6) - (-1)/c. What is the tens digit of l(d)?
1
Suppose -8909 = -3*g - 4*s, 5*g - s = 24480 - 9601. What is the units digit of g?
5
Let p be 11 - 3 - (3 + -3). Suppose 4*z + 2*t + 0*t = p, -3*t - 21 = -5*z. Suppose 0 = -3*q - u + 57, -z*q = -3*u - u - 72. What is the tens digit of q?
2
Suppose 0 = -d - 9 + 11. Suppose -2*v + 555 = v - 3*s, d*s = -8. What is the hundreds digit of v?
1
Let g(l) = -787*l**3 + 3*l**2 - 2*l - 3. What is the tens digit of g(-1)?
8
Let g(f) = 3*f**2 - 4*f - 1. Let d be g(5). Let c = -35 + d. What is the units digit of c?
9
Suppose -2*x + 2 = 6, 0 = k + 2*x - 324. What is the units digit of k?
8
Suppose 4*y - 19 = l - 0*y, -4*l = -2*y + 6. Let k(o) = 34*o**3 - o**2 + 2*o - 2. What is the units digit of k(l)?
3
Let k(h) = 3*h + 232. What is the units digit of k(-19)?
5
Let a = 12 - 7. Let h = -595 - -598. Suppose h*o + a*w = 62, 2*o - 4*w = -0*o + 78. What is the tens digit of o?
2
Let d(w) be the second derivative of w**4/6 + 7*w**3/6 + 29*w**2/2 + 15*w. What is the tens digit of d(-6)?
5
Let k(f) = -f + 14. Let a = 22 + -12. Let w be k(a). Suppose -5*c = -q - 35, 2*c + 14 = w*c - q. What is the units digit of c?
7
Let k(o) = -13*o + 4 + 19 - 12 + 16. What is the hundreds digit of k(-8)?
1
Suppose -6*c + 100 = -2*c. Let f = -37 + c. What is the units digit of ((-24)/14)/(f/42)?
6
What is the thousands digit of (-6225)/(-6) - (-4)/(-8)?
1
Let c(r) = 54*r + 8. Let h be c(2). Suppose 0 = q + 3*q - 16, 2*k - h = -2*q. What is the tens digit of k?
5
Suppose 2*u = -4*g + 14 + 22, g + u - 11 = 0. Let o be 4*5 - (9 - g). Suppose -66 = -2*z - o. What is the units digit of z?
4
Suppose 14*n + 10 = -46. Let x(w) = -34*w - 24. What is the hundreds digit of x(n)?
1
Suppose 0*n - 19*n = -95. Suppose 4*t - 100 = 2*t - 5*r, 0 = 5*t + n*r - 265. What is the tens digit of t?
5
Let w(y) = -y**3 - 9*y**2 - 2*y - 13. Let f be w(-9). Let q(o) = -o**2 + 7*o - 6. Let p be q(f). Suppose 0*c = -p*c + 80. What is the tens digit of c?
2
Let z(l) = 4*l - 25. Let w be z(14). What is the units digit of w - -2 - -3 - -4?
0
Suppose 4*u + 3 = -5, 2*m = 4*u + 12. Let q(d) = 3*d**3 + 3*d**m + 3 - 4*d + 3*d**3 - 2*d**2 + 0*d. What is the tens digit of q(2)?
4
Let k be (4/(-2) - 0) + 4. Suppose 4 + 0 = -k*a. What is the units digit of 1455/30 - 3/a?
0
Let s(u) be the third derivative of u**4/4 - u**3 - 19*u**2. Let w(p) = p**2 - p - 1. Let v be w(-2). What is the units digit of s(v)?
4
Let w(t) = 37*t + 36. What is the tens digit of w(6)?
5
Suppose -8*q = -7623 + 1479. What is the hundreds digit of q?
7
Suppose 26*q - 13*q - 14846 = 0. What is the thousands digit of q?
1
What is the units digit of (-40)/16 + 1 + (-1381)/(-2)?
9
Let r = 43 + 195. What is the units digit of r?
8
Let i(r) = -16*r + 29. What is the hundreds digit of i(-23)?
3
Let f = -118 + -146. What is the units digit of (f/(-20))/2 - 2/(-5)?
7
Suppose -3 = 5*r + 3*y, -5*r + 2*y - 2 = -4. Suppose r = -2*h - 0*h + 3*n - 14, 2*n = -2*h + 6. What is the units digit of (-6 + -46)/(-1 + h)?
6
What is the tens digit of 35*246/(4 + -1)?
7
Suppose v = -4*v + 5. What is the tens digit of (3 - v)*(-85)/(-10)?
1
Suppose 5*w = w + 52. Suppose -219*v = -218*v - 35. Let z = v - w. What is the units digit of z?
2
Let h be (-22)/3*18/(-12). Let y be (2*5)/(h/66). Suppose -4*r = -2*o + 44, 2*o + 6*r - y = 2*r. What is the tens digit of o?
2
Suppose -10*j + 5*j + 567 = c, 5*j + 2343 = 4*c. What is the tens digit of c?
8
Suppose -4*s - 2*f = -2992, -4*s = 4*f - 1081 - 1911. What is the tens digit of s?
4
Let i = 351 - -4075. What is the hundreds digit of i?
4
Suppose -26*h + 8424 + 7176 = 0. What is the hundreds digit of h?
6
Let g = 500 + -108. Let a = g - 209. What is the hundreds digit of a?
1
Let s = -95 + 97. Suppose s*a = -4*v - a + 854, -6 = -3*a. What is the tens digit of v?
1
Let z be (0 + 12/4)*10/6. Suppose -4*l + 76 = -0*m + 4*m, 4*m = -z*l + 71. What is the tens digit of m?
2
Let v(j) = j + 1. Let w(g) = -10*g + 24. Let b(n) = 2*v(n) - w(n). What is the tens digit of b(5)?
3
Suppose 5*c = -0*c + 35. Suppose -c*t + 138 = -4*t. What is the tens digit of t?
4
Let k(i) = 4*i**2 - 42*i - 428. What is the tens digit of k(-10)?
9
What is the tens digit of (-1)/1*-1652*1/2?
2
Let m be 28/(-98) - 164/14. Let y be 0/7 - (-2 - 51). Let i = y - m. What is the tens digit of i?
6
Suppose 121 = 4*b - 2*k + 7*k, -164 = -5*b - 2*k. Let j = b - 29. Suppose -j*d - 2*d = -140. What is the tens digit of d?
2
Let d = 1 + 3. Let h(m) = m**3 - 3*m**2 + m. Let n be h(d). Suppose -n = -5*g + 4*f, f + 2 + 25 = 4*g. What is the units digit of g?
8
Let w = -74 - -2376. What is the thousands digit of w?
2
Suppose -t + 3*l = 3*t + 230, -10 = 5*l. Let s = t + 107. What is the tens digit of s?
4
Let h = -12 + 17. Suppose h*c - c = 40. Suppose -c = -2*n, -4*n - 7 = -4*d + 49. What is the units digit of d?
9
Let v be (1 - 0) + 13 + -9. Suppose 0 = -h - v*m + 143, -h - 644 = -5*h + 4*m. What is the hundreds digit of h?
1
Let x be (-7)/(-4)*(-14 + 2)/(-3). Let n be -13*1/2*-2. Let z = n + x. What is the tens digit of z?
2
Suppose 5*z + g = 3365, -z = -5*z + 3*g + 2692. What is the units digit of z?
3
Let f(l) = 64*l**2 + l + 1. Suppose -6 = -5*s + o - 2*o, 5*o = 5*s. Let z be f(s). Let d = -43 + z. What is the tens digit of d?
2
Let m = 413 + 2316. What is the hundreds digit of m?
7
Suppose -3*u + c + 8 = 0, 4*u + 2 = 2*u - 3*c. Let i be -12*(-2)/8*5. Suppose 0 = -n + 5*p + 30, u*p + i = 2*n + p. What is the units digit of n?
5
Let n(t) = 2*t + 18. Let d be n(-6). What is the units digit of d/(-9) + 646/12*2?
7
Suppose 26*o = 18*o + 2352. What is the tens digit of o?
9
Suppose -v = 4*s - 38, 5*v + 4 = 3*s - 13. Suppose 3*x = s*x - 594. What is the tens digit of x?
9
Let l(r) = -r**3 - 10*r**2 + 18*r - 25. Let d be 8/60 + 182/(-15). What is the units digit of l(d)?
7
Suppose -2*c = 3*c + 80. Let n = 11 + c. What is the tens digit of 1*(n + 2) - -29?
2
Let w(x) = -x**2 - 16*x + 14. Let i(u) = -2*u**2 - 33*u + 27. Let a(z) = -3*i(z) + 7*w(z). Let t = -16 - -4. What is the tens digit of a(t)?
2
Suppose 7*o - k - 4 = 2*o, 0 = 5*o - 5*k - 20. Let h be (-4)/18 + (-94)/(-18). Suppose 5*d + 220 = 3*g, o = -g - 4*g - h*d + 300. What is the tens digit of g?
6
Let y be 14 + 10 - 1*3. Let o = y + -21. Suppose q + o*g - 45 = -4*g, 0 = -4*q - 4*g + 156. What is the units digit of q?
7
Suppose -2*m = -m - 6. Let n(j) = -j**2 + j + 2. Let f be n(0). Suppose -m = f*y - 5*y. What is the units digit of y?
2
Suppose 3*p - 468 = 5*q + 321, 4*p - 1052 = 5*q. What is the units digit of p?
3
Suppose t + 9 = 2*i, 0 = 5*i - 3*t - 8 - 17. What is the units digit of 9/((1/i)/(21/6))?
3
Suppose r - 3*l = l - 14, -4*l = 0. Suppose 0 = 5*j - j - 64. Let a = j + r. What is the units digit of a?
2
Let s be 2*3/(-4)*-10. Suppose 4*j - 32 = 5*k, -2*k + 5*k = j - s. Suppose 5*n + j*b = 53, 11 + 2 = n + 3*b. What is the units digit of n?
0
Let r = 1913 + -508. What is the tens digit of r?
0
What is the units digit of -41 + 38 + (2 - (2 - 27))?
4
Let a be 20/8*(-4)/(-5). Suppose -a*r + 5*u + 12 = -3*r, -3*u = 3*r. Let l = 4 - r. What is the units digit of l?
1
Let h(l) be the second derivative of 16*l**5 - l**4/12 + 3*l**3/2 - 4*l**2 + 50*l. What is the tens digit of h(1)?
2
Let s(r) = 6*r**3 - r**3 - 2*r**3 - 9*r**2 - 4*r**3 + 10 + r. Let d be s(-9). What is the units digit of (-3)/(d/(-86)*6)?
3
Let s = 128 + -106. Suppose s*f = 29*f - 2191. What is the hundreds digit of f?
3
Let q(f) = -f + 3. Let t = -16 - -4. Let w be q(t). Suppose -w = -9*u + 6*u. What is the units digit of u?
5
Let c(h) = 12*h - 33. Let w be c(3). Suppose l = -3*g + 171, -w*l - l + 5*g = -633. What is the hundreds digit of l?
1
Let g be (48/